{"id":4925,"date":"2026-04-21T16:45:21","date_gmt":"2026-04-21T14:45:21","guid":{"rendered":"https:\/\/bdoadvisory.fr\/?post_type=product&#038;p=4925"},"modified":"2026-04-21T16:45:21","modified_gmt":"2026-04-21T14:45:21","slug":"poele-a-bois-justus-diego-w-6-kw-accumulateur","status":"publish","type":"product","link":"https:\/\/bdoadvisory.fr\/?product=poele-a-bois-justus-diego-w-6-kw-accumulateur","title":{"rendered":"Po\u00eale \u00e0 bois Justus\u00a0Diego\u00a0W+ 6 kW accumulateur"},"content":{"rendered":"<p>Po\u00eale \u00e0 bois Justus Diego W+ 6 kW accumulateur<br \/>\nLe po\u00eale Justus\u00a0 Diego avec le kit\u00a0 accumulateur\u00a0chaleur W + avec sa forme distinctive, \u00e9lanc\u00e9e et ses deux volets d&rsquo;affichage d&rsquo;un visuel fort. Disponible en diff\u00e9rente version acier noir, avec une plaque de recouvrement en st\u00e9atite ou pierre ollaire. Le foyer peut fonctionner ind\u00e9finiment, \u00e0 tout moment, jour ou nuit. La puissance thermique nominale est de 6 kW, la capacit\u00e9 de chauffage se situe jusqu&rsquo;\u00e0 115 m\u00b3 &#8211; avec un rendement de 80%. La porte coupe-feu est \u00e9quip\u00e9e d&rsquo;une serrure multipoints qui emp\u00eache la d\u00e9formation \u00e0 des temp\u00e9ratures \u00e9lev\u00e9es, et ceci garantit une bonne \u00e9tanch\u00e9it\u00e9.\u00a0<br \/>\n\u00a0<br \/>\nLe syst\u00e8me d&rsquo;air sp\u00e9cial Justus trois compartiments assure toujours l&rsquo;air n\u00e9cessaire pour une combustion optimale.\u00a0La conception de ce mod\u00e8le en fait une excellente garantie technologique. Le foyer est impressionant notamment par les deux grandes fen\u00eatres de visualisation ou la nouvelle dimension d&rsquo;angle et la conception de chemin\u00e9e moderne, angulaire dans toutes les pi\u00e8ces.Dans la qualit\u00e9 habituelle Justus du chauffe-eau de stockage Diego est un feu de chaleur de mobilier moderne avec un rapport qualit\u00e9-prix id\u00e9al.<br \/>\nLa buse de connexion d\u2019air ext\u00e9rieur est en option.<br \/>\nStockage de chaleur \u00ab chaleur plus \u00bb<br \/>\nLa masse de stockage sp\u00e9ciale int\u00e9gr\u00e9e, en fonction de la charge jusqu&rsquo;\u00e0 10 heures &#8211; apr\u00e8s l&rsquo;incendie &#8211; continuer \u00e0 donner de la chaleur.<br \/>\nFonctionnement en continu 24h<br \/>\n Une caract\u00e9ristique particuli\u00e8re de qualit\u00e9 et de respect de l&rsquo;environnement. Le foyer peut fonctionner ind\u00e9finiment. Utilisez uniquement les combustibles autoris\u00e9s !<br \/>\nVerrouillage multiple<br \/>\n Le verrouillage multipoint emp\u00eache la d\u00e9formation de la porte coupe-feu par des temp\u00e9ratures \u00e9lev\u00e9es. Ceci assure \u00e9galement une bonne \u00e9tanch\u00e9it\u00e9 particuli\u00e8rement pour les entr\u00e9es d&rsquo;air parasites. Ce syst\u00e8me permet de maintenir ainsi une qualit\u00e9 et stabilit\u00e9 de combustion dans le foyer.<br \/>\nConnexion pour l&rsquo;alimentation en air ext\u00e9rieur<br \/>\n Dans les b\u00e2timents modernes, plus denses avec des syst\u00e8mes de ventilation m\u00e9canique contr\u00f4l\u00e9e, l&rsquo;air de combustion doit \u00eatre fournie de l&rsquo;ext\u00e9rieur, de sorte qu&rsquo;aucune pression n\u00e9gative ne puisse interf\u00e9rer avec le foyer. Cela n\u00e9cessite une alimentation en air externe et s\u00e9par\u00e9e via une buse de raccordement pour arriv\u00e9e air ext\u00e9rieur.\u00a0<br \/>\nNettoyage des vitres<br \/>\n Un courant d&rsquo;air guid\u00e9 emp\u00eache la condensation et le d\u00e9p\u00f4t des gaz de combustion sur la vitre c\u00f4t\u00e9 int\u00e9rieur. Ainsi, le verre reste propre.<br \/>\nSyst\u00e8me Triple-air<br \/>\n Le syst\u00e8me triple d&rsquo;air sp\u00e9cial JUSTUS assure toujours un air de combustion dos\u00e9es de fa\u00e7on optimale o\u00f9 il est n\u00e9cessaire pour le processus de combustion. Une combustion particuli\u00e8rement propre et efficace est le r\u00e9sultat souhait\u00e9.<br \/>\nToutes les donn\u00e9es techniques ont \u00e9t\u00e9 mesur\u00e9es \u00e0 la puissance calorifique nominale et d\u00e9pendent de la variante \/ version.<br \/>\nPo\u00eale Justus Diego W+, les po\u00eales Justus sont s\u00fbrs et faciles \u00e0 acheter en ligne sur Chemineeo.fr, le magasin de po\u00eales.<\/p>\n","protected":false},"excerpt":{"rendered":"<p>Po\u00eale \u00e0 bois Justus Diego W+ 6kW accumulateur<br \/>\nBien-\u00eatre et confort d\u2019utilisation \u00e0 moindre co\u00fbt<br \/>\nDisponible avec habillage d\u2019aspect naturel<br \/>\nFonctionnement \u00e9cologique continu<br \/>\nCombustion efficace et sans r\u00e9sidus gr\u00e2ce \u00e0 la triple r\u00e9partition d\u2019air comburant<br \/>\nPorte avec vitre prismatique<br \/>\nRange-b\u00fbche<br \/>\nFonction vitre propre<br \/>\nPour un volume d\u2019habitation de 124 m\u00e8tres cubes<br \/>\nCertifi\u00e9 conforme NF EN 13240<\/p>\n","protected":false},"featured_media":4926,"template":"","meta":{"inline_featured_image":false},"product_brand":[],"product_cat":[166],"product_tag":[],"class_list":{"0":"post-4925","1":"product","2":"type-product","3":"status-publish","4":"has-post-thumbnail","6":"product_cat-justus","8":"first","9":"instock","10":"shipping-taxable","11":"purchasable","12":"product-type-simple"},"_links":{"self":[{"href":"https:\/\/bdoadvisory.fr\/index.php?rest_route=\/wp\/v2\/product\/4925","targetHints":{"allow":["GET"]}}],"collection":[{"href":"https:\/\/bdoadvisory.fr\/index.php?rest_route=\/wp\/v2\/product"}],"about":[{"href":"https:\/\/bdoadvisory.fr\/index.php?rest_route=\/wp\/v2\/types\/product"}],"wp:featuredmedia":[{"embeddable":true,"href":"https:\/\/bdoadvisory.fr\/index.php?rest_route=\/wp\/v2\/media\/4926"}],"wp:attachment":[{"href":"https:\/\/bdoadvisory.fr\/index.php?rest_route=%2Fwp%2Fv2%2Fmedia&parent=4925"}],"wp:term":[{"taxonomy":"product_brand","embeddable":true,"href":"https:\/\/bdoadvisory.fr\/index.php?rest_route=%2Fwp%2Fv2%2Fproduct_brand&post=4925"},{"taxonomy":"product_cat","embeddable":true,"href":"https:\/\/bdoadvisory.fr\/index.php?rest_route=%2Fwp%2Fv2%2Fproduct_cat&post=4925"},{"taxonomy":"product_tag","embeddable":true,"href":"https:\/\/bdoadvisory.fr\/index.php?rest_route=%2Fwp%2Fv2%2Fproduct_tag&post=4925"}],"curies":[{"name":"wp","href":"https:\/\/api.w.org\/{rel}","templated":true}]}}