{"id":4867,"date":"2026-04-21T16:45:15","date_gmt":"2026-04-21T14:45:15","guid":{"rendered":"https:\/\/bdoadvisory.fr\/?post_type=product&#038;p=4867"},"modified":"2026-04-21T16:45:15","modified_gmt":"2026-04-21T14:45:15","slug":"poele-a-bois-haas-sohn-tirol-c-6-kw","status":"publish","type":"product","link":"https:\/\/bdoadvisory.fr\/?product=poele-a-bois-haas-sohn-tirol-c-6-kw","title":{"rendered":"Po\u00eale \u00e0 bois Haas &#038; Sohn TIROL C 6 kW"},"content":{"rendered":"<p>Po\u00eale \u00e0 bois Haas &#038;\u00a0Sohn TIROL C 6 kW\u00a0de la s\u00e9rie partenaire<br \/>\n\u00a0<br \/>\nLa description arrive bient\u00f4t.<br \/>\n\u00a0<br \/>\nContactez nos experts d\u00e8s aujourd&rsquo;hui sans engagement via notre e-mail\u00a0info@chemineeo.fr\u00a0ou par t\u00e9l\u00e9phone au \u00a001 76 36 00 27<\/p>\n","protected":false},"excerpt":{"rendered":"<p>Po\u00eale \u00e0 bois Haas &#038;\u00a0Sohn TIROL C 6 kW\u00a0de la s\u00e9rie partenaire \u00a0 La description arrive bient\u00f4t. \u00a0 Contactez nos experts d\u00e8s aujourd&rsquo;hui sans engagement via notre e-mail\u00a0info@chemineeo.fr\u00a0ou par t\u00e9l\u00e9phone au \u00a001 76 36 00 27<\/p>\n","protected":false},"featured_media":4868,"template":"","meta":{"inline_featured_image":false},"product_brand":[],"product_cat":[169],"product_tag":[],"class_list":{"0":"post-4867","1":"product","2":"type-product","3":"status-publish","4":"has-post-thumbnail","6":"product_cat-haas-und-sohn","8":"first","9":"instock","10":"shipping-taxable","11":"purchasable","12":"product-type-simple"},"_links":{"self":[{"href":"https:\/\/bdoadvisory.fr\/index.php?rest_route=\/wp\/v2\/product\/4867","targetHints":{"allow":["GET"]}}],"collection":[{"href":"https:\/\/bdoadvisory.fr\/index.php?rest_route=\/wp\/v2\/product"}],"about":[{"href":"https:\/\/bdoadvisory.fr\/index.php?rest_route=\/wp\/v2\/types\/product"}],"wp:featuredmedia":[{"embeddable":true,"href":"https:\/\/bdoadvisory.fr\/index.php?rest_route=\/wp\/v2\/media\/4868"}],"wp:attachment":[{"href":"https:\/\/bdoadvisory.fr\/index.php?rest_route=%2Fwp%2Fv2%2Fmedia&parent=4867"}],"wp:term":[{"taxonomy":"product_brand","embeddable":true,"href":"https:\/\/bdoadvisory.fr\/index.php?rest_route=%2Fwp%2Fv2%2Fproduct_brand&post=4867"},{"taxonomy":"product_cat","embeddable":true,"href":"https:\/\/bdoadvisory.fr\/index.php?rest_route=%2Fwp%2Fv2%2Fproduct_cat&post=4867"},{"taxonomy":"product_tag","embeddable":true,"href":"https:\/\/bdoadvisory.fr\/index.php?rest_route=%2Fwp%2Fv2%2Fproduct_tag&post=4867"}],"curies":[{"name":"wp","href":"https:\/\/api.w.org\/{rel}","templated":true}]}}