{"id":4851,"date":"2026-04-21T16:45:13","date_gmt":"2026-04-21T14:45:13","guid":{"rendered":"https:\/\/bdoadvisory.fr\/?post_type=product&#038;p=4851"},"modified":"2026-04-21T16:45:14","modified_gmt":"2026-04-21T14:45:14","slug":"poele-a-bois-wamsler-yuna-pierre-naturelle-6-kw","status":"publish","type":"product","link":"https:\/\/bdoadvisory.fr\/produit\/poele-a-bois-wamsler-yuna-pierre-naturelle-6-kw\/","title":{"rendered":"Po\u00eale \u00e0 bois Wamsler Yuna Pierre naturelle 6 kW"},"content":{"rendered":"<p>Po\u00eale \u00e0 bois Wamsler Yuna Pierre naturelle 6 kW<br \/>\n\u00a0<br \/>\nLa description arrive bient\u00f4t.<br \/>\n\u00a0<br \/>\nContactez nos experts d\u00e8s aujourd&rsquo;hui sans engagement via notre e-mail\u00a0 contact@bdoadvisory.fr\u00a0ou par t\u00e9l\u00e9phone au \u00a0<\/p>\n","protected":false},"excerpt":{"rendered":"<p>Po\u00eale \u00e0 bois Wamsler Yuna Pierre naturelle 6 kW \u00a0 La description arrive bient\u00f4t. \u00a0 Contactez nos experts d\u00e8s aujourd&rsquo;hui sans engagement via notre e-mail\u00a0 contact@bdoadvisory.fr\u00a0ou par t\u00e9l\u00e9phone au \u00a0<\/p>\n","protected":false},"featured_media":4852,"template":"","meta":{"inline_featured_image":false},"product_brand":[],"product_cat":[164],"product_tag":[],"class_list":{"0":"post-4851","1":"product","2":"type-product","3":"status-publish","4":"has-post-thumbnail","6":"product_cat-wamsler","8":"first","9":"instock","10":"shipping-taxable","11":"purchasable","12":"product-type-simple"},"_links":{"self":[{"href":"https:\/\/bdoadvisory.fr\/wp-json\/wp\/v2\/product\/4851","targetHints":{"allow":["GET"]}}],"collection":[{"href":"https:\/\/bdoadvisory.fr\/wp-json\/wp\/v2\/product"}],"about":[{"href":"https:\/\/bdoadvisory.fr\/wp-json\/wp\/v2\/types\/product"}],"wp:featuredmedia":[{"embeddable":true,"href":"https:\/\/bdoadvisory.fr\/wp-json\/wp\/v2\/media\/4852"}],"wp:attachment":[{"href":"https:\/\/bdoadvisory.fr\/wp-json\/wp\/v2\/media?parent=4851"}],"wp:term":[{"taxonomy":"product_brand","embeddable":true,"href":"https:\/\/bdoadvisory.fr\/wp-json\/wp\/v2\/product_brand?post=4851"},{"taxonomy":"product_cat","embeddable":true,"href":"https:\/\/bdoadvisory.fr\/wp-json\/wp\/v2\/product_cat?post=4851"},{"taxonomy":"product_tag","embeddable":true,"href":"https:\/\/bdoadvisory.fr\/wp-json\/wp\/v2\/product_tag?post=4851"}],"curies":[{"name":"wp","href":"https:\/\/api.w.org\/{rel}","templated":true}]}}