{"id":4849,"date":"2026-04-21T16:45:13","date_gmt":"2026-04-21T14:45:13","guid":{"rendered":"https:\/\/bdoadvisory.fr\/?post_type=product&#038;p=4849"},"modified":"2026-04-21T16:45:13","modified_gmt":"2026-04-21T14:45:13","slug":"poele-a-bois-oranier-rota-2-0-55-kw","status":"publish","type":"product","link":"https:\/\/bdoadvisory.fr\/produit\/poele-a-bois-oranier-rota-2-0-55-kw\/","title":{"rendered":"Po\u00eale \u00e0 bois Oranier Rota 2.0 | 5,5 kW"},"content":{"rendered":"<p>Po\u00eale \u00e0 bois Oranier Rota\u00a02.0\u00a0| 5,5 kW<br \/>\n\u00a0<br \/>\nAvec son design rond et compact et sa grande porte, le po\u00eale \u00e0 bois Oranier Rota 2.0 attire le regard et il est donc \u00e0 la mode. C&rsquo;est une nouveaut\u00e9 pour l\u2019ann\u00e9e 2018 pour le successeur du po\u00eale \u00e0 bois Rota d&rsquo;Oranier. Le bois de chauffage peut facilement \u00eatre stock\u00e9 dans le compartiment de rangement du po\u00eale Oranier Rota 2.0. Les ouvertures de convection au sommet du po\u00eale permettent \u00e0 l&rsquo;air chaud de circuler librement dans la pi\u00e8ce d&rsquo;installation et de cr\u00e9er ainsi rapidement une chaleur agr\u00e9able.<br \/>\nUn des points forts du po\u00eale Oranier Rota 2.0 | 5,5 kW sont les plaques de recouvrement en verre, en pierre ou en c\u00e9ramique s\u00e9lectionnables individuellement. La vari\u00e9t\u00e9 ne laisse rien \u00e0 d\u00e9sirer. Choisissez la plaque sup\u00e9rieure en fonction de vos go\u00fbts personnels.<br \/>\nChemineeo.fr\u00a0dispose de toutes les informations importantes du po\u00eale \u00e0 bois Oranier ROTA 2.0 |\u00a05,5 kW, nous vous offrons des services suppl\u00e9mentaires ou conseils en ligne de nos experts, qui se feront un plaisir d\u2019\u00eatre \u00e0 votre disposition par courriel\u00a0:\u00a0 contact@bdoadvisory.fr\u00a0\u00a0\u00a0.<br \/>\nVous pouvez acheter en ligne en toute s\u00e9curit\u00e9 po\u00eale \u00e0 bois Oranier Rota\u00a02.0 | 5,5 kW toutes les sp\u00e9cifications ont \u00e9t\u00e9 test\u00e9es \u00e0 la puissance calorifique nominale et d\u00e9pendant de la version\/ conception.<\/p>\n","protected":false},"excerpt":{"rendered":"<p>Po\u00eale \u00e0 bois Oranier Rota 2.0<br \/>\nPuissance nominale calorifique de 5 kW<br \/>\nCapacit\u00e9 de chauffage de la pi\u00e8ce jusqu&rsquo;\u00e0 88 m\u00b3 possible<br \/>\nVitre galb\u00e9e et vision mono face<br \/>\nPorte en fonte avec verrouillage \u00ab\u00a0Snap Lock\u00ab\u00a0<br \/>\nGrande barre poign\u00e9e ventil\u00e9e<br \/>\nFoyer en vermiculite<br \/>\nGrand choix de dessus<br \/>\nRaccordement d\u2019air ext\u00e9rieur<br \/>\nPlateau pivotant \u2205 460 mm, \u00e0 180\u00b0<br \/>\nTest\u00e9e selon la norme DIN EN 13240<\/p>\n","protected":false},"featured_media":4850,"template":"","meta":{"inline_featured_image":false},"product_brand":[],"product_cat":[165],"product_tag":[],"class_list":{"0":"post-4849","1":"product","2":"type-product","3":"status-publish","4":"has-post-thumbnail","6":"product_cat-oranier","8":"first","9":"instock","10":"shipping-taxable","11":"purchasable","12":"product-type-simple"},"_links":{"self":[{"href":"https:\/\/bdoadvisory.fr\/wp-json\/wp\/v2\/product\/4849","targetHints":{"allow":["GET"]}}],"collection":[{"href":"https:\/\/bdoadvisory.fr\/wp-json\/wp\/v2\/product"}],"about":[{"href":"https:\/\/bdoadvisory.fr\/wp-json\/wp\/v2\/types\/product"}],"wp:featuredmedia":[{"embeddable":true,"href":"https:\/\/bdoadvisory.fr\/wp-json\/wp\/v2\/media\/4850"}],"wp:attachment":[{"href":"https:\/\/bdoadvisory.fr\/wp-json\/wp\/v2\/media?parent=4849"}],"wp:term":[{"taxonomy":"product_brand","embeddable":true,"href":"https:\/\/bdoadvisory.fr\/wp-json\/wp\/v2\/product_brand?post=4849"},{"taxonomy":"product_cat","embeddable":true,"href":"https:\/\/bdoadvisory.fr\/wp-json\/wp\/v2\/product_cat?post=4849"},{"taxonomy":"product_tag","embeddable":true,"href":"https:\/\/bdoadvisory.fr\/wp-json\/wp\/v2\/product_tag?post=4849"}],"curies":[{"name":"wp","href":"https:\/\/api.w.org\/{rel}","templated":true}]}}