{"id":3129,"date":"2025-11-17T13:49:29","date_gmt":"2025-11-17T12:49:29","guid":{"rendered":"https:\/\/bdoadvisory.fr\/?page_id=3129"},"modified":"2026-03-26T19:13:29","modified_gmt":"2026-03-26T18:13:29","slug":"mentions-legales-du-site-irve-xap","status":"publish","type":"page","link":"https:\/\/bdoadvisory.fr\/?page_id=3129","title":{"rendered":"Mentions l\u00e9gales"},"content":{"rendered":"\n<h2 class=\"wp-block-heading\">BDO ADVISORY<\/h2>\n\n\n\n<p class=\"mb-0\"><strong>Adresse :<\/strong> <span class=\"site-adress\">12 Rue de Belfond 16730 Fl\u00e9ac<\/span><\/p>\n\n\n\n<p><strong>Email : <\/strong><a href=\"mailto:co&#110;t&#97;&#99;&#116;&#64;&#98;&#100;&#111;&#97;dvisory&#46;&#102;&#114;\" class=\"text-decoration-none\">con&#116;&#97;ct&#64;bd&#111;&#97;&#100;v&#105;s&#111;&#114;&#121;&#46;&#102;&#114;<\/a><\/p>\n\n\n\n<div class=\"wp-block-group\" style=\"font-style:italic;font-weight:500\"><div class=\"wp-block-group__inner-container is-layout-constrained wp-block-group-is-layout-constrained\"><span class=\"site-legal\">Forme juridique : SAS (Soci\u00e9t\u00e9 par actions simplifi\u00e9e)<br \/>\nSi\u00e8ge social : 43-47 Avenue de la Grande Arm\u00e9e, 75116 Paris<br \/>\nNum\u00e9ro SIREN : 349 463 620<br \/>\nNum\u00e9ro SIRET (Si\u00e8ge) : 349 463 620 00071<br \/>\nRCS : Inscrit au Registre du Commerce et des Soci\u00e9t\u00e9s de Paris<br \/>\nNum\u00e9ro de TVA Intracommunautaire : FR65349463620<br \/>\nCapital social : 350 000,00 \u20ac<\/span>\n<\/div><\/div>\n\n\n\n<hr class=\"wp-block-separator has-alpha-channel-opacity\"\/>\n\n\n\n<h2 class=\"wp-block-heading\">Directeur de la publication<\/h2>\n\n\n\n<p>M. Joao Manuel DE ALMEIDA SANCHES, Pr\u00e9sident<\/p>\n\n\n\n<hr class=\"wp-block-separator has-alpha-channel-opacity\"\/>\n\n\n\n<h2 class=\"wp-block-heading\">D\u00e9claration CNIL<\/h2>\n\n\n\n<p>Ce site est conforme au R\u00e8glement G\u00e9n\u00e9ral sur la Protection des Donn\u00e9es (RGPD) et aux dispositions de la loi Informatique et Libert\u00e9s du 6 janvier 1978 modifi\u00e9e, au titre de la collecte de donn\u00e9es personnelles que nous r\u00e9alisons dans le cadre de l&rsquo;utilisation de notre site par les visiteurs.<\/p>\n\n\n\n<hr class=\"wp-block-separator has-alpha-channel-opacity\"\/>\n\n\n\n<h2 class=\"wp-block-heading\">Conception et r\u00e9alisation du site internet<\/h2>\n\n\n\n<p><strong>BDO ADVISORY<\/strong> (<a href=\"https:\/\/bdoadvisory.fr\/\">https:\/\/bdoadvisory.fr\/<\/a>)<\/p>\n\n\n\n<hr class=\"wp-block-separator has-alpha-channel-opacity\"\/>\n\n\n\n<h2 class=\"wp-block-heading\">Propri\u00e9t\u00e9 intellectuelle<\/h2>\n\n\n\n<p>Toute utilisation non autoris\u00e9e de tout ou partie des marques, mod\u00e8les, logos, droits d&rsquo;auteur et autres droits de propri\u00e9t\u00e9 intellectuelle ou industrielle utilis\u00e9s sur le site BDO ADVISORY est susceptible de donner lieu \u00e0 des poursuites judiciaires.<\/p>\n\n\n\n<p>Toutefois, les liaisons de type hypertexte vers le site sont autoris\u00e9es sans demande sp\u00e9cifique.<\/p>\n\n\n\n<p>Toute information concernant la soci\u00e9t\u00e9 BDO ADVISORY, de quelque nature que ce soit, se trouvant sur Internet en dehors du pr\u00e9sent site, aura \u00e9t\u00e9 transmise sans autorisation, ni contr\u00f4le, et ne saurait donc engager la responsabilit\u00e9 de la soci\u00e9t\u00e9 BDO ADVISORY.<\/p>\n\n\n\n<hr class=\"wp-block-separator has-alpha-channel-opacity\"\/>\n\n\n\n<h2 class=\"wp-block-heading\">Limitation de responsabilit\u00e9<\/h2>\n\n\n\n<p>En d\u00e9pit des efforts et du soin apport\u00e9s par BDO ADVISORY pour assurer l&rsquo;exactitude et la mise \u00e0 jour des informations r\u00e9unies sur le site, des erreurs, omissions ou inexactitudes peuvent exister. BDO ADVISORY ne saurait en cons\u00e9quence voir sa responsabilit\u00e9 engag\u00e9e pour tout pr\u00e9judice, direct ou indirect, r\u00e9sultant de l&rsquo;utilisation des informations sur le site ou par toute erreur ou omission dans son contenu.<\/p>\n\n\n\n<p>BDO ADVISORY ne saurait \u00eatre tenue pour responsable du contenu des sites vers lesquels pointent, \u00e0 titre d&rsquo;information ou de partenariat, les liens hypertextes pr\u00e9sents sur le site.<\/p>\n\n\n\n<hr class=\"wp-block-separator has-alpha-channel-opacity\"\/>\n\n\n\n<h2 class=\"wp-block-heading\">Donn\u00e9es personnelles<\/h2>\n\n\n\n<p>Le renseignement des informations nominatives collect\u00e9es aux fins de la vente \u00e0 distance est obligatoire, ces informations \u00e9tant indispensables pour le traitement et l&rsquo;acheminement des commandes, et l&rsquo;\u00e9tablissement des factures. Le d\u00e9faut de renseignement entra\u00eene la non-validation de la commande.<\/p>\n\n\n\n<p>Conform\u00e9ment \u00e0 la loi \u00ab Informatique et Libert\u00e9s \u00bb du 6 janvier 1978 modifi\u00e9e et au R\u00e8glement G\u00e9n\u00e9ral sur la Protection des Donn\u00e9es (RGPD), le traitement des informations nominatives relatives aux clients du site a \u00e9t\u00e9 r\u00e9alis\u00e9 dans le respect de la r\u00e9glementation en vigueur.<\/p>\n\n\n\n<p>En application des dispositions de la loi du 6 janvier 1978 relative \u00e0 l&rsquo;informatique, aux fichiers et aux libert\u00e9s, ainsi que du RGPD, le client dispose d&rsquo;un droit d&rsquo;acc\u00e8s, de modification, de rectification, de suppression, de limitation, d&rsquo;opposition et de portabilit\u00e9 des donn\u00e9es qui le concernent, qu&rsquo;il peut exercer directement aupr\u00e8s de BDO ADVISORY aux coordonn\u00e9es figur\u00e9es ci-dessus.<\/p>\n\n\n\n<p>De plus, BDO ADVISORY s&rsquo;engage \u00e0 ne pas communiquer, gratuitement ou avec contrepartie, les coordonn\u00e9es de ses clients \u00e0 des tiers, sauf obligation l\u00e9gale ou avec le consentement expr\u00e8s du client.<\/p>\n\n\n\n<hr class=\"wp-block-separator has-alpha-channel-opacity\"\/>\n\n\n\n<h2 class=\"wp-block-heading\">Cookies<\/h2>\n\n\n\n<p>Le site BDO ADVISORY utilise des cookies pour am\u00e9liorer l&rsquo;exp\u00e9rience utilisateur et r\u00e9aliser des statistiques de visite. Vous pouvez \u00e0 tout moment modifier vos pr\u00e9f\u00e9rences concernant les cookies depuis les param\u00e8tres de votre navigateur.<\/p>\n\n\n\n<hr class=\"wp-block-separator has-alpha-channel-opacity\"\/>\n\n\n\n<p><em>Derni\u00e8re mise \u00e0 jour : 17\/02\/202<\/em>6<\/p>\n","protected":false},"excerpt":{"rendered":"<p>Adresse : Email : Directeur de la publication , Pr\u00e9sident D\u00e9claration CNIL Ce site est conforme au R\u00e8glement G\u00e9n\u00e9ral sur la Protection des Donn\u00e9es (RGPD) et aux dispositions de la loi Informatique et Libert\u00e9s du 6 janvier 1978 modifi\u00e9e, au titre de la collecte de donn\u00e9es personnelles que nous r\u00e9alisons dans le cadre de l&rsquo;utilisation . . . <\/p>\n","protected":false},"author":1,"featured_media":0,"parent":0,"menu_order":2010,"comment_status":"closed","ping_status":"closed","template":"","meta":{"inline_featured_image":false,"footnotes":""},"class_list":["post-3129","page","type-page","status-publish","hentry"],"_links":{"self":[{"href":"https:\/\/bdoadvisory.fr\/index.php?rest_route=\/wp\/v2\/pages\/3129","targetHints":{"allow":["GET"]}}],"collection":[{"href":"https:\/\/bdoadvisory.fr\/index.php?rest_route=\/wp\/v2\/pages"}],"about":[{"href":"https:\/\/bdoadvisory.fr\/index.php?rest_route=\/wp\/v2\/types\/page"}],"author":[{"embeddable":true,"href":"https:\/\/bdoadvisory.fr\/index.php?rest_route=\/wp\/v2\/users\/1"}],"replies":[{"embeddable":true,"href":"https:\/\/bdoadvisory.fr\/index.php?rest_route=%2Fwp%2Fv2%2Fcomments&post=3129"}],"version-history":[{"count":0,"href":"https:\/\/bdoadvisory.fr\/index.php?rest_route=\/wp\/v2\/pages\/3129\/revisions"}],"wp:attachment":[{"href":"https:\/\/bdoadvisory.fr\/index.php?rest_route=%2Fwp%2Fv2%2Fmedia&parent=3129"}],"curies":[{"name":"wp","href":"https:\/\/api.w.org\/{rel}","templated":true}]}}